 7*d**4/3 + 17*d**3/6 + 7*d**2/2 + 9*d + 3. Is x(9) a prime number?
False
Suppose 2*t - 7917 - 1655 = -5*x, -3*t = -2*x - 14339. Let q = t + -3238. Is q a composite number?
False
Let w = -16 + 26. Is w/(-5) - (-1 - 15914) a composite number?
False
Suppose -15489 = -5*y + 2*y. Let d(k) = k**2 - 14*k - 46. Let x be d(17). Suppose -27698 + y = -x*f. Is f prime?
True
Suppose -11*l + 4337032 = 45*l. Is l a prime number?
True
Suppose -11*t = -339813 - 2359843 - 64501. Is t composite?
False
Let p be 6 + ((-570)/48 - 1/8). Is 2095*30/(-12)*p/25 prime?
False
Let s = 58404 - -339037. Is s a composite number?
True
Let c = -373 - 154. Let g = c - -1416. Is g a composite number?
True
Is ((-12)/8)/(102/(-9852044)) a composite number?
False
Let c = -51 + 85. Let s = 51 - c. Is -3 - (-3 - s - 2) a composite number?
False
Is (432168/(-48))/((-1)/2) a prime number?
False
Let z(u) = -11*u - 14. Let v be z(-4). Let s = v + -21. Suppose -14*w + 1045 = -s*w. Is w prime?
False
Let o be ((-1)/(-3) - (-5)/(-15))/(-1). Suppose o*j - 28189 = -4*j + 5*m, 3*m = -4*j + 28213. Is j a composite number?
True
Suppose -587 - 2249 = -2*f. Suppose 4*n - 15 = -31, m + n - 444 = 0. Suppose f = 3*x - m. Is x composite?
True
Is ((583548/(-6))/2)/(4 + -5) prime?
False
Suppose 24*z - 22*z = -6. Is 12196 - (6 + z + 0) a prime number?
False
Let m(j) be the second derivative of 309*j**5/2 - j**3/6 + j**2/2 + 24*j. Let i be m(1). Suppose -i = -12*g + 9642. Is g a composite number?
False
Let u(i) = 292*i - 73. Let r be u(11). Let p = r + -468. Is p a composite number?
False
Let m = 33 + -17. Let n = -13 + m. Suppose 4*x = 4, n*q + 4*x = 331 + 1758. Is q a prime number?
False
Let v = -31 - -33. Let z be ((-12)/(-56) - v/(-7))*4. Suppose -635 + 1 = -z*b. Is b a prime number?
True
Let a(q) = 2*q**3 + 16*q**2 + 12*q - 14. Let p be a(-7). Suppose 0*n = -3*n + 3*i + 26769, p = 3*i. Is n a composite number?
False
Let a be (-17 - 3/3)*8/(-12). Suppose g - i = 3, 5*g = 3*i - a + 27. Suppose 4*d + 1205 = g*b, -5*b + d + 1151 + 880 = 0. Is b a prime number?
False
Suppose -g + h - 6*h + 15 = 0, 5*g - 12 = -4*h. Suppose g = f - 1306 + 419. Is f composite?
False
Suppose 2*g + 3*x - 121141 = 0, 50*g + x + 60568 = 51*g. Is g composite?
True
Let o = -96234 + 190747. Is o a composite number?
False
Let d = 13 + -9. Suppose -4*a - 5*u = -2*a + 27, -d*a = -5*u - 21. Is ((-110)/(-1))/((4 - 1) + a) a composite number?
True
Suppose -3*c = 9*d - 10*d - 748691, 6*c - 5*d - 1497388 = 0. Is c composite?
False
Let v(u) = 1206*u**2 - 2*u - 161. Is v(13) a composite number?
False
Is (-509911259)/(-4147) - 4/58 a composite number?
True
Let a(j) = -5*j**3 - 4*j**2 - 2*j - 11. Suppose -27*l - 122 = 94. Is a(l) a composite number?
False
Let u(i) = 52395*i - 4918. Is u(5) a composite number?
True
Let x be (-11)/(-33) + (-5)/(-3). Suppose -4*q + 783 = q + k, 0 = 3*q - x*k - 462. Suppose a - 29 = q. Is a composite?
True
Suppose -296*p - 5222748 = 155*p - 30226639. Is p a composite number?
False
Let q be (165/12)/5 + 3/(-4). Suppose 30039 = 5*s + r, -s - 3*s - q*r = -24036. Is s composite?
False
Let v(h) = -h**3 - 16*h**2 - 12*h + 55. Let w be v(-15). Is ((-6)/w)/(57/(-1296655)) a composite number?
False
Let b(i) = 63*i**2 - 36*i - 128. Is b(37) a composite number?
False
Let w be (-2 - 0) + 241 - 39/(-13). Let x = 75 + w. Is x a prime number?
True
Suppose -133602 = -3*y - 5*g, 0 = 4*g + g + 15. Is y composite?
True
Suppose -19*p = -29*p + 30. Suppose 3*c + 2*c = 15. Suppose p*i = 0, 2*i - 4*i = -c*z + 3453. Is z composite?
False
Let d(t) = 115*t**2 - 36*t - 19. Let x be d(-5). Let l = x + 5851. Is l a prime number?
True
Let v = -80969 + 179698. Is v composite?
False
Let i(j) = 3390*j**2 - 7*j + 15. Is i(4) a composite number?
True
Let g(a) = 2*a**2 - 25*a + 3. Let m be g(12). Let o(x) = -3*x - 24. Let p be o(m). Suppose -1682 - 1303 = -p*j. Is j composite?
True
Let x be 20/(-56)*1156 - 1/7. Let u = x - -492. Is u composite?
False
Let f(z) = -78515*z - 5091. Is f(-14) a prime number?
False
Let d be (12/4)/(6/10). Suppose -2*y = -2*n - 82, -y - 194 = -d*y - 2*n. Is y prime?
False
Is (-46234)/(-22) + (114/(-11))/19 composite?
True
Suppose -y - 4*y + 70 = 0. Suppose -4*a = -2 - y. Suppose -4*f = -k - 0*k - 2088, f = -a*k + 505. Is f composite?
False
Let z(h) = -h**3 + 52*h**2 - 110*h + 41. Is z(48) a prime number?
False
Suppose 6*c = 5*c + 4969. Suppose -4*q = -171 - c. Suppose q = -y + 6*y. Is y a prime number?
True
Suppose -128*l + 13244393 = -3672471. Is l prime?
False
Let k = 459 + 23. Suppose -183 = 17*r - 1458. Let q = k - r. Is q prime?
False
Let f = -33 + 6. Let r = 28 + f. Is (2 - 2) + 1202 - r prime?
True
Let f(i) = -3*i**3 - 29*i**2 - 39*i - 50. Let t(m) = 4*m**3 + 30*m**2 + 39*m + 50. Let o(x) = 5*f(x) + 4*t(x). Is o(27) a prime number?
False
Suppose -12*m + 13 = -23. Suppose v = 3*d + 2884, m*v - 5*d - 5033 = 3639. Is v composite?
True
Let d(v) = -1266*v + 10580. Is d(-19) prime?
False
Suppose -4*x - 4*b = -8496, 5*b = -4*x + 2*x + 4245. Suppose 514 = i - 5*h - 1621, -x = -i + 3*h. Is i/4 - (-24)/16 prime?
False
Let m(j) = 2*j**3 + 2*j**2 - 7*j - 2. Let k be m(2). Is (8 + 72412/k)/((-2)/(-20)) a composite number?
True
Let t(p) = -p + 25. Let s be t(5). Suppose 3*m - c - 58987 = 0, -98321 = -5*m + 24*c - s*c. Is m prime?
True
Suppose -3*z + 419 + 1318 = 0. Suppose 5*w = -o + 309, -w = 17*o - 19*o - 64. Let i = w + z. Is i composite?
False
Suppose 20*c = 58*c - 9333218. Is c a prime number?
False
Let j(s) = s**3 + 76*s**2 + 118*s + 100. Is j(-51) composite?
False
Suppose -4*l + 15 = -3*d, -7*d + 10 = -3*l - 9*d. Suppose 2*x + 0*x + 4*t = 4194, l = -x - 4*t + 2095. Is x a composite number?
False
Let y(z) = z**3 + 4*z**2 - 11*z - 24. Let b be y(-5). Let c(g) = -7 + 2*g**3 + 4*g**2 - 12*g**2 + 15*g**2 - 7*g. Is c(b) a composite number?
True
Let l be (32432/(-40))/(4/60). Is (-1)/(((-18)/l)/(-3)) prime?
True
Let t = -38558 + 81171. Is t prime?
False
Let v = -175 + 145. Is (4102/(-20)*-2)/(v/(-150)) prime?
False
Let y(a) = -17*a**3 - a**2 - 12*a + 65. Let m(r) = -16*r**3 - 3*r**2 - 12*r + 66. Let h(k) = -3*m(k) + 2*y(k). Is h(9) a composite number?
True
Let a = -74275 - -145398. Is a composite?
True
Suppose 3734 = 18*o - 17*o - 5*i, 5*o - 18736 = 3*i. Is o composite?
True
Let m = 1507739 + -728262. Is m a prime number?
True
Suppose -480*v + 41725542 = -70308156 - 8993022. Is v a composite number?
False
Let l(u) = -11051*u - 9360. Is l(-127) a composite number?
True
Suppose -105*q = -112*q + 32081. Is q a prime number?
True
Suppose -5*g + 1 = -9. Let r(n) = 20*n - n**2 + 11 - 4*n + 0*n**2 + g*n**2. Is r(-16) composite?
False
Let z = 9426 - 5522. Suppose -2*m - 2*b = -19040 - z, 2*m = 5*b + 22909. Is m composite?
False
Let c = 24169 - 554. Is c composite?
True
Let q = 2 - 4. Let j(r) be the third derivative of -67*r**6/40 - r**5/15 - r**4/6 - r**3/2 + r**2 + 58. Is j(q) a composite number?
False
Let y(v) = -63290*v + 7. Let o be y(-1). Suppose -5*g - 10 = 0, 4*g = -3*a - 2*a + o. Is a composite?
True
Let a = 212 - 212. Suppose a = -62*l + 65*l - 9237. Is l a prime number?
True
Let v be (-316)/(-28) + 3/(21/(-2)). Let h(a) = -a**3 + 10*a**2 + 12*a - 3. Let x be h(v). Is 418/(4*4/x) composite?
True
Suppose 4*h + 12 = -12. Let v(d) = -2*d + 1 - 4*d**3 - 13*d**2 + 0 + 13*d**2. Is v(h) a composite number?
False
Let z be 279/(-93) + (-2695)/(-1). Let a = z - 1319. Is a a prime number?
True
Let v = -5376 + -2768. Let f = 21177 + v. Suppose 4*a - f = 4027. Is a composite?
True
Suppose -6*t + 9*t = 58944. Suppose t = 6*x - 2*x. Is 3/(-9) - (-5)/(60/x) a prime number?
True
Suppose -4*q + 78053 + 92295 = 0. Is q composite?
True
Is 969998/8 + (-737)/268 a prime number?
False
Let x = 515507 + -334036. Is x composite?
True
Let r = 297098 - 119077. Is r a composite number?
False
Let j = -139 - -149. Is (-6)/(-2) - (-904 + (16 - j)) prime?
False
Suppose c = 5*k + 363310, 1547750 = 5*c - 3*k - 268778. Is c composite?
True
Let s = 578 - 414. Suppose s*j - 165*j = -491. Is j a composite number?
False
Suppose 0 = a + 2*z - 2097225, 111*z - 6291673 = -3*a + 106*z. Is a composite?
True
Let c(o) = o**2 + 4*o - 18. Let h be c(3). Let x(z) = 1 + 0*z - 277*z**h + 93*z**3 + z. Is x(-2) prime?
True
Let g(s) = -s**3 + 18*s**2 - 16*s + 6. Let t be g(17)